{"id":2,"date":"2023-01-09T21:19:27","date_gmt":"2023-01-09T20:19:27","guid":{"rendered":"http:\/\/buchbergmilch.at\/1Wordpress\/?page_id=2"},"modified":"2023-03-25T11:34:57","modified_gmt":"2023-03-25T10:34:57","slug":"home-startseite","status":"publish","type":"page","link":"https:\/\/buchbergmilch.at\/1Wordpress\/","title":{"rendered":"Herzlich Willkommen bei Buachberger&#8217;s Mili"},"content":{"rendered":"\n<div class=\"wp-block-buttons is-content-justification-right is-layout-flex wp-container-core-buttons-is-layout-d445cf74 wp-block-buttons-is-layout-flex\"><\/div>\n\n\n\n<blockquote class=\"wp-block-quote is-layout-flow wp-block-quote-is-layout-flow\">\n<p class=\"has-text-align-center\">Regionalit\u00e4t, Nachhaltigkeit und kurze Transportwege sind uns wichtig.<\/p>\n\n\n\n<p class=\"has-text-align-center\">Unsere Qualit\u00e4t kommt von uns und unserem Land.<\/p>\n\n\n\n<p class=\"has-text-align-center\">Das ist regional pur, Nachhaltigkeit kein Trend, sondern gelebte Tradition.<\/p>\n<\/blockquote>\n\n\n\n<hr class=\"wp-block-separator has-alpha-channel-opacity\"\/>\n\n\n\n<h2 class=\"has-text-align-center wp-block-heading\">Das sind WIR<\/h2>\n\n\n\n<p class=\"has-text-align-center\"><strong>Papa Alexander, Mama Birgit, Kinder Alexander, Sebastian, Benedikt und Sophie<\/strong><br><strong>Oma Franziska &amp; Opa Eduard sowie unsere &#8222;Urlis&#8220;.<\/strong><\/p>\n\n\n<div class=\"wp-block-image\">\n<figure class=\"aligncenter size-large\"><img fetchpriority=\"high\" decoding=\"async\" width=\"1024\" height=\"683\" src=\"https:\/\/buchbergmilch.at\/1Wordpress\/wp-content\/uploads\/2023\/01\/Familie_Aigner_Monika_Helminger_Fotografie_102-1024x683.jpg\" alt=\"\" class=\"wp-image-78\" srcset=\"https:\/\/buchbergmilch.at\/1Wordpress\/wp-content\/uploads\/2023\/01\/Familie_Aigner_Monika_Helminger_Fotografie_102-1024x683.jpg 1024w, https:\/\/buchbergmilch.at\/1Wordpress\/wp-content\/uploads\/2023\/01\/Familie_Aigner_Monika_Helminger_Fotografie_102-300x200.jpg 300w, https:\/\/buchbergmilch.at\/1Wordpress\/wp-content\/uploads\/2023\/01\/Familie_Aigner_Monika_Helminger_Fotografie_102-768x512.jpg 768w, https:\/\/buchbergmilch.at\/1Wordpress\/wp-content\/uploads\/2023\/01\/Familie_Aigner_Monika_Helminger_Fotografie_102-1536x1024.jpg 1536w, https:\/\/buchbergmilch.at\/1Wordpress\/wp-content\/uploads\/2023\/01\/Familie_Aigner_Monika_Helminger_Fotografie_102-2048x1365.jpg 2048w, https:\/\/buchbergmilch.at\/1Wordpress\/wp-content\/uploads\/2023\/01\/Familie_Aigner_Monika_Helminger_Fotografie_102-2000x1333.jpg 2000w\" sizes=\"(max-width: 1024px) 100vw, 1024px\" \/><\/figure>\n<\/div>\n\n\n<p><\/p>\n\n\n\n<p class=\"has-text-align-center\">Bereits seit Generationen bewirtschaftet unsere Familie einen Milchviehbetrieb mit Braunvieh K\u00fchen das ist eine eher seltene Rasse aus Tirol.<\/p>\n\n\n\n<blockquote class=\"wp-block-quote has-text-align-center is-layout-flow wp-block-quote-is-layout-flow\">\n<p>\u201eWas immer auf Liebe baut, wird zur Herzensangelegenheit.\u201c<\/p>\n<\/blockquote>\n\n\n\n<p class=\"has-text-align-center\">Auf unserem Hof wohnen 4 Generationen, Hand in Hand arbeiten wir mit der Natur. Unsere Wiesen und Felder liefern uns gen\u00fcgend unbehandeltes Futter f\u00fcr unsere K\u00fche. Viel Platz und Bewegung f\u00fcr die Tiere war schon unserem Opa wichtig, der 1970 schon den Freilaufstall errichtete. Dieser wurde laufend \u00fcber Generationen erweitert und erneuert.<\/p>\n\n\n\n<p class=\"has-text-align-center\">Wir &#8211; Alex und Birgit mit unseren Kindern Alexander, Sebastian, Benedikt und Sophie &#8211; haben den Hof 2021 von unseren Eltern\/Schwiegereltern \u00fcbernommen. Gemeinsam mit Edi und Franziska, die uns immer tatkr\u00e4ftig unterst\u00fctzen und mit ihrer Erfahrung beiseite stehen, bewirtschaften wir den Hof.<\/p>\n\n\n\n<hr class=\"wp-block-separator has-alpha-channel-opacity\"\/>\n\n\n\n<h3 class=\"has-text-align-center wp-block-heading\"><strong><em>Aus Leidenschaft &amp; \u00dcberzeugung<\/em><\/strong><\/h3>\n\n\n\n<hr class=\"wp-block-separator has-alpha-channel-opacity\"\/>\n\n\n\n<p><\/p>\n","protected":false},"excerpt":{"rendered":"<p>Regionalit\u00e4t, Nachhaltigkeit und kurze Transportwege sind uns wichtig. Unsere Qualit\u00e4t kommt von uns und unserem Land. Das ist regional pur, Nachhaltigkeit kein Trend, sondern gelebte Tradition. Das sind WIR Papa Alexander, Mama Birgit, Kinder Alexander, Sebastian, Benedikt und SophieOma Franziska &amp; Opa Eduard sowie unsere &#8222;Urlis&#8220;. Bereits seit Generationen bewirtschaftet [&hellip;]<\/p>\n","protected":false},"author":1,"featured_media":101,"parent":0,"menu_order":0,"comment_status":"closed","ping_status":"closed","template":"","meta":{"footnotes":""},"class_list":["post-2","page","type-page","status-publish","has-post-thumbnail","hentry"],"_links":{"self":[{"href":"https:\/\/buchbergmilch.at\/1Wordpress\/wp-json\/wp\/v2\/pages\/2","targetHints":{"allow":["GET"]}}],"collection":[{"href":"https:\/\/buchbergmilch.at\/1Wordpress\/wp-json\/wp\/v2\/pages"}],"about":[{"href":"https:\/\/buchbergmilch.at\/1Wordpress\/wp-json\/wp\/v2\/types\/page"}],"author":[{"embeddable":true,"href":"https:\/\/buchbergmilch.at\/1Wordpress\/wp-json\/wp\/v2\/users\/1"}],"replies":[{"embeddable":true,"href":"https:\/\/buchbergmilch.at\/1Wordpress\/wp-json\/wp\/v2\/comments?post=2"}],"version-history":[{"count":32,"href":"https:\/\/buchbergmilch.at\/1Wordpress\/wp-json\/wp\/v2\/pages\/2\/revisions"}],"predecessor-version":[{"id":355,"href":"https:\/\/buchbergmilch.at\/1Wordpress\/wp-json\/wp\/v2\/pages\/2\/revisions\/355"}],"wp:featuredmedia":[{"embeddable":true,"href":"https:\/\/buchbergmilch.at\/1Wordpress\/wp-json\/wp\/v2\/media\/101"}],"wp:attachment":[{"href":"https:\/\/buchbergmilch.at\/1Wordpress\/wp-json\/wp\/v2\/media?parent=2"}],"curies":[{"name":"wp","href":"https:\/\/api.w.org\/{rel}","templated":true}]}}